{"id":311,"date":"2018-10-20T18:23:19","date_gmt":"2018-10-20T18:23:19","guid":{"rendered":"http:\/\/www.phcentrum.cz\/?page_id=311"},"modified":"2025-10-06T15:22:53","modified_gmt":"2025-10-06T15:22:53","slug":"skolni-potreby-kreativita-a-ostatni","status":"publish","type":"page","link":"https:\/\/www.phcentrum.cz\/index.php\/cenik\/skolni-potreby-kreativita-a-ostatni\/","title":{"rendered":"\u0160koln\u00ed pot\u0159eby, kreativita a ostatn\u00ed"},"content":{"rendered":"\n<figure class=\"wp-block-table is-style-stripes\"><table><tbody><tr><td><strong>Ozna\u010den\u00ed<\/strong><\/td><td><strong>N\u00e1zev<\/strong><\/td><td><strong>mjp<\/strong><\/td><td><strong>Cena bez DPH<\/strong><\/td><\/tr><tr><td>400465<\/td><td>Hodiny \u0161koln\u00ed<\/td><td>ks<\/td><td>19,70<\/td><\/tr><tr><td><\/td><td><\/td><td><\/td><td><\/td><\/tr><tr><td>510020<\/td><td>Kalkula\u010dka Victoria GVA-430<\/td><td>ks<\/td><td>133,00<\/td><\/tr><tr><td><\/td><td><\/td><td><\/td><td><\/td><\/tr><tr><td>510021<\/td><td>Kalkula\u010dka CATIGA DK-278<\/td><td>ks<\/td><td>299,00<\/td><\/tr><tr><td><\/td><td><\/td><td><\/td><td><\/td><\/tr><tr><td>510030<\/td><td>Kalkula\u010dka DONAU 2083<\/td><td>ks<\/td><td>68,00<\/td><\/tr><tr><td><\/td><td><\/td><td><\/td><td><\/td><\/tr><tr><td>510032<\/td><td>Kalkula\u010dka DONAU 4102<\/td><td>ks<\/td><td>186,00<\/td><\/tr><tr><td><\/td><td><\/td><td><\/td><td><\/td><\/tr><tr><td>510065<\/td><td>Kalkula\u010dka CASINE CD-287<\/td><td>ks<\/td><td>89,00<\/td><\/tr><tr><td><\/td><td><\/td><td><\/td><td><\/td><\/tr><tr><td>510067<\/td><td>Kalkula\u010dka CASINE CS-351<\/td><td>ks<\/td><td>130,00<\/td><\/tr><tr><td><\/td><td><\/td><td><\/td><td><\/td><\/tr><tr><td>510080<\/td><td>Kalkula\u010dka Victoria GVA-260<\/td><td>ks<\/td><td>155,00<\/td><\/tr><tr><td><\/td><td><\/td><td><\/td><td><\/td><\/tr><tr><td>510087<\/td><td>Kalkula\u010dka CATIGA CD-2578<\/td><td>ks<\/td><td>175,00<\/td><\/tr><tr><td><\/td><td><\/td><td><\/td><td><\/td><\/tr><tr><td>510094<\/td><td>Kalkula\u010dka MILAN &#8211; v\u011bdeck\u00e1<\/td><td>ks<\/td><td>464,00<\/td><\/tr><tr><td><\/td><td><\/td><td><\/td><td><\/td><\/tr><tr><td>510101<\/td><td>Kalkula\u010dka KW TR-2296T<\/td><td>ks<\/td><td>198,00<\/td><\/tr><tr><td><\/td><td><\/td><td><\/td><td><\/td><\/tr><tr><td>570001<\/td><td>Pouzdro kulat\u00e9<\/td><td>ks<\/td><td>38,00<\/td><\/tr><tr><td><\/td><td><\/td><td><\/td><td><\/td><\/tr><tr><td>570002<\/td><td>Pouzdro troj\u00faheln\u00edkov\u00e9<\/td><td>ks<\/td><td>52,00<\/td><\/tr><tr><td><\/td><td><\/td><td><\/td><td><\/td><\/tr><tr><td>570003<\/td><td>Pouzdro GIMBOO<\/td><td>ks<\/td><td>23,00<\/td><\/tr><tr><td><\/td><td><\/td><td><\/td><td><\/td><\/tr><tr><td>570004<\/td><td>Pen\u011b\u017eenka kluci<\/td><td>ks<\/td><td>79,00<\/td><\/tr><tr><td><\/td><td><\/td><td><\/td><td><\/td><\/tr><tr><td>570005<\/td><td>Kl\u00ed\u010denka &#8211; reflexn\u00ed p\u00e1sek<\/td><td>ks<\/td><td>25,00<\/td><\/tr><tr><td><\/td><td><\/td><td><\/td><td><\/td><\/tr><tr><td>570010<\/td><td>Pen\u011b\u017eenka<\/td><td>ks<\/td><td>32,00<\/td><\/tr><tr><td><\/td><td><\/td><td><\/td><td><\/td><\/tr><tr><td>570013<\/td><td>Pouzdro IMPAP<\/td><td>ks<\/td><td>44,00<\/td><\/tr><tr><td><\/td><td><\/td><td><\/td><td><\/td><\/tr><tr><td>570014<\/td><td>Pouzdro plastov\u00e9<\/td><td>ks<\/td><td>10,00<\/td><\/tr><tr><td><\/td><td><\/td><td><\/td><td><\/td><\/tr><tr><td>570015<\/td><td>Pouzdro GIMBOO &#8211; tmav\u00e9<\/td><td>ks<\/td><td>60,00<\/td><\/tr><tr><td><\/td><td><\/td><td><\/td><td><\/td><\/tr><tr><td>570016<\/td><td>Pouzdro GIMBOO &#8211; barevn\u00e9<\/td><td>ks<\/td><td>60,00<\/td><\/tr><tr><td><\/td><td><\/td><td><\/td><td><\/td><\/tr><tr><td>570019<\/td><td>Pen\u00e1l jednopatrov\u00fd s bambulkou<\/td><td>ka<\/td><td>55,00<\/td><\/tr><tr><td><\/td><td><\/td><td><\/td><td><\/td><\/tr><tr><td>570021<\/td><td>Pen\u00e1l pr\u00e1zdn\u00fd &#8211; 1 klopa<\/td><td>ks<\/td><td>69,00<\/td><\/tr><tr><td><\/td><td><\/td><td><\/td><td><\/td><\/tr><tr><td>570023<\/td><td>Pen\u00e1l pr\u00e1zdn\u00fd &#8211; 2 klopy<\/td><td>ks<\/td><td>89,00<\/td><\/tr><tr><td><\/td><td><\/td><td><\/td><td><\/td><\/tr><tr><td>570024<\/td><td>Pen\u00e1lek na 3ks<\/td><td>ks<\/td><td>33,00<\/td><\/tr><tr><td><\/td><td><\/td><td><\/td><td><\/td><\/tr><tr><td>570031<\/td><td>Reflexn\u00ed p\u00e1sek<\/td><td>ks<\/td><td>12,00<\/td><\/tr><tr><td><\/td><td><\/td><td><\/td><td><\/td><\/tr><tr><td>570035<\/td><td>M\u00ed\u010dek PU pr.63mm &#8211; mix druh\u016f<\/td><td>ks<\/td><td>14,50<\/td><\/tr><tr><td><\/td><td><\/td><td><\/td><td><\/td><\/tr><tr><td>570037<\/td><td>D\u0159ev\u011bn\u00e9 knofl\u00edky Fiorello<\/td><td>ks<\/td><td>26,00<\/td><\/tr><tr><td><\/td><td><\/td><td><\/td><td><\/td><\/tr><tr><td>570038<\/td><td>D\u0159ev\u011bn\u00e9 knofl\u00edky + kor\u00e1lky<\/td><td>ks<\/td><td>31,00<\/td><\/tr><tr><td><\/td><td><\/td><td><\/td><td><\/td><\/tr><tr><td>570039<\/td><td>D\u0159ev\u011bn\u00e9 knofl\u00edky \/50x<\/td><td>ks<\/td><td>40,00<\/td><\/tr><tr><td><\/td><td><\/td><td><\/td><td><\/td><\/tr><tr><td>570041<\/td><td>Kuli\u010dky sada 30ks<\/td><td>ks<\/td><td>16,50<\/td><\/tr><tr><td><\/td><td><\/td><td><\/td><td><\/td><\/tr><tr><td>570050<\/td><td>Ta\u0161ka barevn\u00e1 Herlitz<\/td><td>ks<\/td><td>188,00<\/td><\/tr><tr><td><\/td><td><\/td><td><\/td><td><\/td><\/tr><tr><td>570051<\/td><td>Batoh mal\u00fd<\/td><td>ks<\/td><td>205,00<\/td><\/tr><tr><td><\/td><td><\/td><td><\/td><td><\/td><\/tr><tr><td>570052<\/td><td>Ta\u0161ka p\u0159es rameno CoolPack<\/td><td>ks<\/td><td>263,00<\/td><\/tr><tr><td><\/td><td><\/td><td><\/td><td><\/td><\/tr><tr><td>570053<\/td><td>Batoh Candy \/ Lurex<\/td><td>ks<\/td><td>160,00<\/td><\/tr><tr><td><\/td><td><\/td><td><\/td><td><\/td><\/tr><tr><td>570055<\/td><td>Batoh Smart<\/td><td>ks<\/td><td>320,00<\/td><\/tr><tr><td><\/td><td><\/td><td><\/td><td><\/td><\/tr><tr><td>570056<\/td><td>Batoh Herlitz barevn\u00fd<\/td><td>ks<\/td><td>310,00<\/td><\/tr><tr><td><\/td><td><\/td><td><\/td><td><\/td><\/tr><tr><td>570057<\/td><td>Batoh Herlitz mal\u00fd<\/td><td>ks<\/td><td>264,00<\/td><\/tr><tr><td><\/td><td><\/td><td><\/td><td><\/td><\/tr><tr><td>570058<\/td><td>Batoh Herlitz komplet<\/td><td>ks<\/td><td>440,00<\/td><\/tr><tr><td><\/td><td><\/td><td><\/td><td><\/td><\/tr><tr><td>570060<\/td><td>S\u00e1\u010dek \u0161koln\u00ed<\/td><td>ks<\/td><td>39,00<\/td><\/tr><tr><td><\/td><td><\/td><td><\/td><td><\/td><\/tr><tr><td>570061<\/td><td>Sportovn\u00ed vak &#8211; mix<\/td><td>ks<\/td><td>53,00<\/td><\/tr><tr><td><\/td><td><\/td><td><\/td><td><\/td><\/tr><tr><td>570063<\/td><td>S\u00e1\u010dek potisk<\/td><td>ks<\/td><td>37,00<\/td><\/tr><tr><td><\/td><td><\/td><td><\/td><td><\/td><\/tr><tr><td>570071<\/td><td>Kuf\u0159\u00edk \u0161koln\u00ed 35cm mix<\/td><td>ks<\/td><td>148,00<\/td><\/tr><tr><td><\/td><td><\/td><td><\/td><td><\/td><\/tr><tr><td>570072<\/td><td>Kuf\u0159\u00edk lamino 34cm<\/td><td>ks<\/td><td>222,00<\/td><\/tr><tr><td><\/td><td><\/td><td><\/td><td><\/td><\/tr><tr><td>570075<\/td><td>Kuf\u0159\u00edk plastov\u00fd s potiskem<\/td><td>ks<\/td><td>130,00<\/td><\/tr><tr><td><\/td><td><\/td><td><\/td><td><\/td><\/tr><tr><td>570132<\/td><td>P\u00ed\u0161\u0165alka kovov\u00e1<\/td><td>ks<\/td><td>11,00<\/td><\/tr><tr><td><\/td><td><\/td><td><\/td><td><\/td><\/tr><tr><td>570135<\/td><td>M\u00ed\u010d<\/td><td>ks<\/td><td>77,00<\/td><\/tr><tr><td><\/td><td><\/td><td><\/td><td><\/td><\/tr><tr><td>570280<\/td><td>Vidlice<\/td><td>ks<\/td><td>56,00<\/td><\/tr><tr><td><\/td><td><\/td><td><\/td><td><\/td><\/tr><tr><td>570281<\/td><td>Pl\u00e1ca\u010dka<\/td><td>ks<\/td><td>29,90<\/td><\/tr><tr><td><\/td><td><\/td><td><\/td><td><\/td><\/tr><tr><td>570322<\/td><td>Kol\u00ed\u010dky d\u0159ev\u011bn\u00e9 barevn\u00e9 \/20x<\/td><td>bal<\/td><td>68,00<\/td><\/tr><tr><td><\/td><td><\/td><td><\/td><td><\/td><\/tr><tr><td>570323<\/td><td>\u0160pachtle d\u0159ev\u011bn\u00e9 10mm \/50x<\/td><td>bal<\/td><td>26,00<\/td><\/tr><tr><td><\/td><td><\/td><td><\/td><td><\/td><\/tr><tr><td>570324<\/td><td>\u0160pachtle d\u0159ev\u011bn\u00e9 17mm \/50x<\/td><td>bal<\/td><td>30,00<\/td><\/tr><tr><td><\/td><td><\/td><td><\/td><td><\/td><\/tr><tr><td>570327<\/td><td>Hlavi\u010dky z buni\u010diny &#8211; mix<\/td><td>ks<\/td><td>68,00<\/td><\/tr><tr><td><\/td><td><\/td><td><\/td><td><\/td><\/tr><tr><td>570328<\/td><td>Bambulky and\u011bl &#8211; velk\u00e9 balen\u00ed<\/td><td>ks<\/td><td>80,00<\/td><\/tr><tr><td><\/td><td><\/td><td><\/td><td><\/td><\/tr><tr><td>570329<\/td><td>Bambulky and\u011bl &#8211; jednobarevn\u00e9<\/td><td>ks<\/td><td>23,00<\/td><\/tr><tr><td><\/td><td><\/td><td><\/td><td><\/td><\/tr><tr><td>570330<\/td><td>POM POM barevn\u00fd mix &#8211; 78ks<\/td><td>ks<\/td><td>33,00<\/td><\/tr><tr><td><\/td><td><\/td><td><\/td><td><\/td><\/tr><tr><td>570331<\/td><td>POM POM t\u0159pytky barevn\u00fd mix &#8211; 78ks<\/td><td>ks<\/td><td>43,00<\/td><\/tr><tr><td><\/td><td><\/td><td><\/td><td><\/td><\/tr><tr><td>570332<\/td><td>POM POM &#8211; kor\u00e1lky+gumi\u010dka \/25x<\/td><td>ks<\/td><td>49,00<\/td><\/tr><tr><td><\/td><td><\/td><td><\/td><td><\/td><\/tr><tr><td>570333<\/td><td>POM POM mini \/120x<\/td><td>bal<\/td><td>28,00<\/td><\/tr><tr><td><\/td><td><\/td><td><\/td><td><\/td><\/tr><tr><td>570334<\/td><td>POM POM 20 mm \/30x<\/td><td>bal<\/td><td>23,00<\/td><\/tr><tr><td><\/td><td><\/td><td><\/td><td><\/td><\/tr><tr><td>570336<\/td><td>Glitry Fiorello mix druh\u016f<\/td><td>ks<\/td><td>46,00<\/td><\/tr><tr><td><\/td><td><\/td><td><\/td><td><\/td><\/tr><tr><td>570338<\/td><td>Glitry Fiorello &#8211; d\u00f3za 6 barev<\/td><td>ks<\/td><td>68,00<\/td><\/tr><tr><td><\/td><td><\/td><td><\/td><td><\/td><\/tr><tr><td>570340<\/td><td>Dr\u00e1tky model. T\u0159pytky + Bumpy &#8211; 50ks<\/td><td>ks<\/td><td>63,00<\/td><\/tr><tr><td><\/td><td><\/td><td><\/td><td><\/td><\/tr><tr><td>570341<\/td><td>Dr\u00e1tky model. Bright mix &#8211; 50ks<\/td><td>ks<\/td><td>59,90<\/td><\/tr><tr><td><\/td><td><\/td><td><\/td><td><\/td><\/tr><tr><td>570342<\/td><td>Dr\u00e1tky model. barevn\u00e9 &#8211; 50ks<\/td><td>ks<\/td><td>59,00<\/td><\/tr><tr><td><\/td><td><\/td><td><\/td><td><\/td><\/tr><tr><td>570343<\/td><td>Dr\u00e1tky model. jednobarevn\u00e9 &#8211; 50ks<\/td><td>ks<\/td><td>57,00<\/td><\/tr><tr><td><\/td><td><\/td><td><\/td><td><\/td><\/tr><tr><td>570344<\/td><td>Dr\u00e1tky model. jednobarevn\u00e9 &#8211; 20ks<\/td><td>bal<\/td><td>31,00<\/td><\/tr><tr><td><\/td><td><\/td><td><\/td><td><\/td><\/tr><tr><td>570352<\/td><td>O\u010di samolepic\u00ed barevn\u00e9 + \u0159asy<\/td><td>ks<\/td><td>58,90<\/td><\/tr><tr><td><\/td><td><\/td><td><\/td><td><\/td><\/tr><tr><td>570353<\/td><td>O\u010di samolepic\u00ed \u010dern\u00e9 mix tvar\u016f<\/td><td>ks<\/td><td>57,70<\/td><\/tr><tr><td><\/td><td><\/td><td><\/td><td><\/td><\/tr><tr><td>570354<\/td><td>O\u010di samolepic\u00ed \u010dern\u00e9 jednodruhov\u00e9<\/td><td>ks<\/td><td>57,90<\/td><\/tr><tr><td><\/td><td><\/td><td><\/td><td><\/td><\/tr><tr><td>570355<\/td><td>O\u010di samolepic\u00ed barevn\u00e9 jednodruhov\u00e9<\/td><td>ks<\/td><td>58,90<\/td><\/tr><tr><td><\/td><td><\/td><td><\/td><td><\/td><\/tr><tr><td>570361<\/td><td>P\u011bnovka mix barev \/10x<\/td><td>ks<\/td><td>48,00<\/td><\/tr><tr><td><\/td><td><\/td><td><\/td><td><\/td><\/tr><tr><td>570364<\/td><td>P\u011bnovka mix t\u0159pytky \/10x<\/td><td>ks<\/td><td>85,00<\/td><\/tr><tr><td><\/td><td><\/td><td><\/td><td><\/td><\/tr><tr><td>570368<\/td><td>P\u011bnovka tvary &#8211; zimn\u00ed motiv<\/td><td>ks<\/td><td>79,00<\/td><\/tr><tr><td><\/td><td><\/td><td><\/td><td><\/td><\/tr><tr><td>570369<\/td><td>P\u011bnovka tvary &#8211; mix druh\u016f<\/td><td>ks<\/td><td>82,00<\/td><\/tr><tr><td><\/td><td><\/td><td><\/td><td><\/td><\/tr><tr><td>570370<\/td><td>P\u011bnovka zv\u00ed\u0159\u00e1tka \/ hv\u011bzdy<\/td><td>ks<\/td><td>93,00<\/td><\/tr><tr><td><\/td><td><\/td><td><\/td><td><\/td><\/tr><tr><td>570375<\/td><td>Dr\u00e1t 1,5mm x 5m<\/td><td>ks<\/td><td>46,00<\/td><\/tr><tr><td><\/td><td><\/td><td><\/td><td><\/td><\/tr><tr><td>570380<\/td><td>Hmota samotvr. Creall &#8211; 1kg<\/td><td>ks<\/td><td>121,00<\/td><\/tr><tr><td><\/td><td><\/td><td><\/td><td><\/td><\/tr><tr><td>570381<\/td><td>Hmota samotvr. Creall &#8211; 0,5kg<\/td><td>ks<\/td><td>74,90<\/td><\/tr><tr><td><\/td><td><\/td><td><\/td><td><\/td><\/tr><tr><td>570400<\/td><td>Pe\u0159\u00ed\u010dka &#8211; v\u00edcebarevn\u00e1 sada<\/td><td>ks<\/td><td>24,00<\/td><\/tr><tr><td><\/td><td><\/td><td><\/td><td><\/td><\/tr><tr><td>570401<\/td><td>Pe\u0159\u00ed\u010dka &#8211; jednobarevn\u00e1 sada<\/td><td>ks<\/td><td>22,00<\/td><\/tr><tr><td><\/td><td><\/td><td><\/td><td><\/td><\/tr><tr><td>570425<\/td><td>Polystyren &#8211; mix<\/td><td>bal<\/td><td>32,00<\/td><\/tr><tr><td><\/td><td><\/td><td><\/td><td><\/td><\/tr><tr><td>570440<\/td><td>Dekorace samolepic\u00ed &#8211; mix<\/td><td>ks<\/td><td>41,00<\/td><\/tr><tr><td><\/td><td><\/td><td><\/td><td>&nbsp;<\/td><\/tr><\/tbody><\/table><\/figure>\n","protected":false},"excerpt":{"rendered":"<p>Ozna\u010den\u00ed N\u00e1zev mjp Cena bez DPH 400465 Hodiny \u0161koln\u00ed ks 19,70 510020 Kalkula\u010dka Victoria GVA-430 ks 133,00 510021 Kalkula\u010dka CATIGA<\/p>\n","protected":false},"author":1,"featured_media":0,"parent":278,"menu_order":0,"comment_status":"closed","ping_status":"closed","template":"","meta":{"colormag_page_container_layout":"default_layout","colormag_page_sidebar_layout":"default_layout","footnotes":""},"class_list":["post-311","page","type-page","status-publish","hentry"],"_links":{"self":[{"href":"https:\/\/www.phcentrum.cz\/index.php\/wp-json\/wp\/v2\/pages\/311","targetHints":{"allow":["GET"]}}],"collection":[{"href":"https:\/\/www.phcentrum.cz\/index.php\/wp-json\/wp\/v2\/pages"}],"about":[{"href":"https:\/\/www.phcentrum.cz\/index.php\/wp-json\/wp\/v2\/types\/page"}],"author":[{"embeddable":true,"href":"https:\/\/www.phcentrum.cz\/index.php\/wp-json\/wp\/v2\/users\/1"}],"replies":[{"embeddable":true,"href":"https:\/\/www.phcentrum.cz\/index.php\/wp-json\/wp\/v2\/comments?post=311"}],"version-history":[{"count":41,"href":"https:\/\/www.phcentrum.cz\/index.php\/wp-json\/wp\/v2\/pages\/311\/revisions"}],"predecessor-version":[{"id":32502,"href":"https:\/\/www.phcentrum.cz\/index.php\/wp-json\/wp\/v2\/pages\/311\/revisions\/32502"}],"up":[{"embeddable":true,"href":"https:\/\/www.phcentrum.cz\/index.php\/wp-json\/wp\/v2\/pages\/278"}],"wp:attachment":[{"href":"https:\/\/www.phcentrum.cz\/index.php\/wp-json\/wp\/v2\/media?parent=311"}],"curies":[{"name":"wp","href":"https:\/\/api.w.org\/{rel}","templated":true}]}}